600 (base 16) to base 10
804352
What is 110110110220101 (base 3) in base 13?
14ab695
What is -32653633 (base 7) in base 12?
-b40021
44141020 (base 5) to base 4
1130331120
122022100110 (base 3) to base 7
2616201
Convert 12413240120 (base 5) to base 11.
8747365
3a203 (base 11) to base 9
86754
What is 221516 (base 7) in base 3?
1222112002
5264033 (base 8) to base 16
15681b
Convert -5645cd (base 14) to base 8.
-13136051
What is 2373572 (base 8) in base 11?
406819
What is -10100001100100011101100 (base 2) in base 7?
-63000216
-101111011011100110100 (base 2) to base 5
-344213403
What is 101120023102 (base 4) in base 14?
868230
What is -111220210111 (base 3) in base 12?
-112657
Convert -3213139 (base 11) to base 2.
-10101100100110000011110
What is -824719 (base 15) in base 5?
-3041110344
467335 (base 9) to base 2
1000100100101101100
Convert b42b64 (base 13) to base 3.
21220121220102
What is 1110100110010 (base 2) in base 13?
352c
What is 843a (base 12) in base 9?
21731
Convert -100110011100001110001 (base 2) to base 9.
-2328802
645525 (base 11) to base 14
1cc217
105c1 (base 15) to base 13
1a839
50504764 (base 8) to base 5
10211332043
What is 10101000101011011110101 (base 2) in base 14?
a3c461
Convert 11a7b (base 13) to base 14.
bc10
What is -131055300 (base 6) in base 12?
-a41530
8038361 (base 9) to base 8
20242135
-20503 (base 12) to base 3
-2010212210
-100632056 (base 7) to base 6
-325520245
What is -24523250 (base 7) in base 10?
-2207681
Convert -24451 (base 14) to base 6.
-1522251
What is 112223351 (base 6) in base 8?
7716363
-124201323 (base 5) to base 9
-1137684
Convert 111100110110110 (base 2) to base 4.
13212312
4136553 (base 7) to base 2
1111001010100110011
10110001111111100 (base 2) to base 8
261774
Convert 1389a (base 12) to base 15.
80ca
-130b46 (base 12) to base 6
-10411330
Convert -102201011022110 (base 3) to base 8.
-27572174
Convert 11000101101011110 (base 2) to base 5.
11214324
10225360 (base 7) to base 8
3227167
What is 220023331 (base 5) in base 10?
939216
What is 77de4 (base 16) in base 14?
cad00
1aa249 (base 11) to base 14
85014
What is 12113305 (base 6) in base 3?
201110111012
Convert -133733 (base 12) to base 8.
-1153527
What is 250934 (base 14) in base 7?
13535164
270814 (base 9) to base 13
59c62
5909305 (base 10) to base 11
3376826
Convert 10011110001001011001 (base 2) to base 6.
21514533
What is -25444033 (base 6) in base 5?
-203032300
Convert -138a94 (base 15) to base 12.
-394427
102312505 (base 6) to base 16
1b7019
Convert 111000101100000110 (base 2) to base 12.
b245a
What is -1851244 (base 12) in base 2?
-10011011000110100010100
a09b3 (base 12) to base 4
302332113
-107734 (base 8) to base 2
-1000111111011100
Convert 53313a9 (base 11) to base 5.
4400333234
Convert -4165b (base 12) to base 13.
-2cc72
What is 1675447 (base 8) in base 16?
77b27
Convert -123430010 (base 5) to base 9.
-1126170
What is 12a686 (base 13) in base 10?
451509
Convert -64162 (base 10) to base 4.
-33222202
120112001200 (base 3) to base 8
1124530
What is 21815 (base 13) in base 15?
12eae
-235122 (base 7) to base 14
-11749
Convert 25140540 (base 6) to base 5.
201300231
What is 20d37 (base 15) in base 16?
19723
Convert -171319 (base 12) to base 11.
-250710
-23542b8 (base 12) to base 15
-8ed83e
Convert -16bf45 (base 16) to base 5.
-340201012
-1000001011110010010001 (base 2) to base 14
-3dbc09
Convert 1c37 (base 14) to base 10.
5145
What is 93249 (base 12) in base 10?
192153
What is -43b213 (base 12) in base 16?
-106e6f
Convert -111001101111100011110 (base 2) to base 14.
-37379c
Convert -515115524 (base 6) to base 5.
-4240443034
Convert 110100100110100 (base 2) to base 16.
6934
What is 12211021010 (base 3) in base 8?
337725
Convert 424422 (base 8) to base 4.
202210102
11322301 (base 5) to base 10
104701
30cb5 (base 13) to base 3
11110112001
-10bc29 (base 15) to base 6
-25044103
eae0 (base 15) to base 9
75163
1010010100111111000 (base 2) to base 7
2606442
-4a743 (base 13) to base 11
-942a7
-57209 (base 14) to base 5
-23233224
What is 530202 (base 6) in base 9?
64682
Convert 4a743 (base 12) to base 3.
12010221020
Convert -24c772 (base 13) to base 9.
-1587234
What is -35124145 (base 7) in base 12?
-1047641
What is -100212320 (base 4) in base 7?
-402215
1098120 (base 12) to base 10
3186600
13b51 (base 12) to base 4
12232231
389800b (base 12) to base 13
24048a7
-100220201000022 (base 3) to base 2
-10100000110011011100100
412053 (base 7) to base 14
1b8d3
Convert 10111010110100001 (base 2) to base 7.
545601
What is b1823 (base 12) in base 16?
3865b
-1736a76 (base 11) to base 14
-56bbba
-121230312 (base 4) to base 13
-38bb9
Convert -30bd3e (base 15) to base 12.
-9396a2
Convert 503063 (base 10) to base 16.
7ad17
What is -2230213 (base 7) in base 15?
-56c9d
Convert 11103122101 (base 4) to base 2.
101010011011010010001
Convert -342225 (base 9) to base 3.
-101102020212
Convert -5254150 (base 6) to base 14.
-69550
769903 (base 12) to base 7
22002030
-1551230 (base 6) to base 8
-264242
Convert -564719 (base 10) to base 11.
-356311
-351a9 (base 13) to base 10
-96976
Convert 4840925 (base 10) to base 4.
102131313131
-253113 (base 9) to base 13
-54954
What is 210437 (base 9) in base 4?
132201121
Convert 342048 (base 9) to base 5.
23024033
Convert 21022021020201 (base 3) to base 16.
3b3f53
c273ac (base 13) to base 3
22112002011101
Convert 456253 (base 14) to base 9.
4386651
Convert 1001122020221 (base 3) to base 9.
1048227
What is -217c (base 15) in base 10?
-7092
Convert -1153a4 (base 12) to base 14.
-7383a
-6da99 (base 14) to base 13
-95148
Convert 303012200 (base 4) to base 7.
1531145
-161783 (base 9) to base 15
-1e876
What is -4324676 (base 10) in base 8?
-20376504
Convert 12536 (base 12) to base 11.
17826
Convert -3311070 (base 8) to base 5.
-211430100
What is -154553056 (base 7) in base 5?
-10133401342
What is -1186229 (base 14) in base 12?
-29882a5
What is 11111101101011100 (base 2) in base 4?
133231130
-22e70 (base 16) to base 6
-3021504
-609651 (base 12) to base 5
-341300334
What is -4700588 (base 10) in base 9?
-8753885
Convert -4023104411 (base 5) to base 10.
-8019356
Convert 1221a65 (base 11) to base 10.
2125557
7406757 (base 8) to base 2
111100000110111101111
What is 58ff8 (base 16) in base 6?
11451400
Convert -4023044241 (base 5) to base 11.
-4587624
104124210 (base 5) to base 11
293164
Convert 1411335 (base 7) to base 12.
90816
Convert -21573 (base 12) to base 7.
-242205
Convert -1212012200 (base 3) to base 16.
-8efb
What is -220100021120111 (base 3) in base 6?
-1141142404
Convert 11222120110020 (base 3) to base 14.
4cd431
Convert 4b8c (base 16) to base 10.
19340
What is -1153004 (base 6) in base 7?
-344326
What is -383849 (base 11) in base 13?
-182682
22511353 (base 6) to base 4
2221113111
59a65 (base 11) to base 3
11101121102
What is -33044a (base 12) in base 9?
-1463174
Convert 2623557 (base 8) to base 13.
1c7951
636522 (base 7) to base 3
12121101120
Convert 632273 (base 11) to base 3.
1220110212102
-61113 (base 7) to base 4
-3213120
1031330 (base 4) to base 2
1001101111100
Convert -26249a (base 12) to base 3.
-1011211000201
Convert -90093 (base 15) to base 6.
-13434003
What is -5263721 (base 9) in base 3?
-12022010210201
What is 10021231 (base 5) in base 11?
54863
What is 11100011011110101001 (base 2) in base 16?
e37a9
What is 25455250 (base 6) in base 4?
3023012232
-9a849 (base 11) to base 16
-23ab4
What is 243021 (base 7) in base 11?
30289
What is 14a769 (base 12) in base 15?
6db30
Convert 11233404 (base 5) to base 14.
29430
Convert 86a4ba (base 13) to base 8.
14044535
-610401 (base 8) to base 5
-22412321
Convert -142024 (base 15) to base 2.
-11101100011111010011
What is -667845 (base 13) in base 3?
-11112202000020
Convert 68987 (base 12) to base 6.
2554251
Convert -10110000000000011010011 (base 2) to base 13.
-126c167
Convert -43134511 (base 7) to base 6.
-210415254
2a5047 (base 12) to base 2
10101110001111110111
Convert -2224c (base 16) to base 4.
-202021030
What is 11b9308 (base 12) in base 4?
31101111320
What is -33202000 (base 4) in base 12?
-30994
What is -1112000220022 (base 3) in base 4?
-3011023223
Convert 1012011212 (base 3) to base 12.
116ab
Convert -426a57 (base 12) to base 15.
-15aaba
Convert 1000111101101011111110 (base 2) to base 5.
1